21202 (base 3) to base 8
16513
Convert -1012212000100 (base 3) to base 7.
-5332140
Convert -132581 (base 15) to base 13.
-262543
Convert -1141a26 (base 11) to base 10.
-1993745
What is -233111302 (base 4) in base 11?
-122759
What is -2571151 (base 8) in base 3?
-1100110010000
What is -11313060 (base 7) in base 11?
-61a693
Convert -101201230100 (base 4) to base 12.
-16569a8
What is 124a67 (base 11) in base 6?
4115432
What is 100000010111101011 (base 2) in base 16?
205eb
-87410c (base 16) to base 10
-8864012
What is -5411b7 (base 12) in base 14?
-26852b
What is -2555243 (base 6) in base 5?
-13433401
Convert 4672013 (base 9) to base 3.
11202102000110
101111111110011111001 (base 2) to base 9
2855445
What is -841afe (base 16) in base 2?
-100001000001101011111110
What is 2023324123 (base 5) in base 15?
565d78
-1324034043 (base 5) to base 12
-1154518
Convert -24161522 (base 8) to base 6.
-305342002
Convert -b0901d (base 15) to base 11.
-480673a
17012a (base 11) to base 3
111101201100
What is e50b (base 16) in base 14?
17523
Convert 32c75a (base 13) to base 3.
2020220012110
What is -366e42 (base 15) in base 14?
-4bb677
Convert -100103212 (base 4) to base 5.
-4114130
What is 12bd9c6 (base 14) in base 16?
8a539a
25b2230 (base 13) to base 6
1101312001
Convert 6e592 (base 15) to base 2.
1010110000000000110
Convert -21200111132 (base 4) to base 2.
-1001100000010101011110
What is -40355344 (base 6) in base 3?
-2011110120001
What is -467d71 (base 14) in base 10?
-2403647
What is 433052500 (base 6) in base 11?
4393148
Convert -2015361 (base 9) to base 2.
-100000110000011101010
218ac (base 14) to base 9
133458
What is -22231321 (base 6) in base 15?
-d45e1
-79593 (base 10) to base 5
-10021333
-3a93d9 (base 14) to base 16
-1edec3
Convert -423424554 (base 6) to base 16.
-71b996
Convert -1036100 (base 7) to base 16.
-1efef
What is 22385a (base 15) in base 6?
54551334
-19702 (base 15) to base 2
-10100001010010001
-1138281 (base 10) to base 3
-2010211102120
Convert -198277 (base 10) to base 4.
-300122011
Convert 11111100100111111010101 (base 2) to base 10.
8277973
What is 3898a5 (base 13) in base 15?
1be087
What is 306787 (base 11) in base 6?
14314053
3554260 (base 7) to base 6
13353351
What is 107c1 (base 14) in base 7?
224331
-1a5267 (base 11) to base 9
-528277
What is -32302132 (base 5) in base 2?
-1000011001101011100
Convert -616015 (base 10) to base 16.
-9664f
1215183 (base 9) to base 8
2410675
What is 82108a (base 12) in base 8?
7604452
Convert 413312032 (base 5) to base 9.
3166807
What is -35115422 (base 6) in base 9?
-2031125
Convert 154131 (base 9) to base 4.
113022133
Convert 120511 (base 7) to base 14.
7d78
4331163 (base 7) to base 15
a698c
What is -53007 (base 8) in base 10?
-22023
Convert -933998 (base 10) to base 13.
-269180
What is 45502 (base 12) in base 14?
258d4
What is 1c6a5a8 (base 13) in base 11?
5392a41
1128024 (base 10) to base 16
113658
What is 65155 (base 9) in base 13?
16838
Convert -116451043 (base 7) to base 16.
-708415
Convert -1111211222120 (base 3) to base 4.
-3010103223
Convert 100100010101000101 (base 2) to base 15.
2e155
-214030034 (base 5) to base 6
-31444413
Convert 2214110 (base 5) to base 15.
b6c0
231023021 (base 4) to base 6
3544345
-20133330 (base 6) to base 14
-10c7d4
What is 44601543 (base 8) in base 14?
13cb25d
Convert -1320544 (base 9) to base 14.
-14b267
What is 10714737 (base 8) in base 4?
20321213133
-10111010001001101 (base 2) to base 6
-2013125
What is -5130a (base 14) in base 13?
-6ac46
What is -11011201102 (base 3) in base 11?
-56812
What is -1301443 (base 6) in base 3?
-10120112100
What is 5c2955 (base 13) in base 10?
2205182
21cc2a (base 14) to base 6
40345114
Convert -101101010111110001 (base 2) to base 14.
-4ba25
What is -24c19aa (base 13) in base 3?
-210121111222110
What is -33213232 (base 4) in base 12?
-3103a
Convert -23175077 (base 8) to base 7.
-60610604
-4625005 (base 7) to base 8
-2150650
14002554 (base 6) to base 2
1110010000100000110
Convert 199002 (base 11) to base 7.
2406430
What is -12ff4 (base 16) in base 13?
-29557
Convert -10082d1 (base 14) to base 15.
-9e29ad
Convert -4058665 (base 9) to base 3.
-11001222202012
Convert 3224205 (base 8) to base 13.
24267c
Convert -632842 (base 11) to base 4.
-3313202101
Convert 2112431 (base 5) to base 10.
35366
What is -11220122220 (base 3) in base 7?
-551646
-2012212220201 (base 3) to base 13
-323698
-34552 (base 8) to base 6
-152014
Convert -13369aa (base 11) to base 8.
-10633370
13510651 (base 7) to base 11
793115
cd875 (base 16) to base 7
10104234
-100011111011110111110110 (base 2) to base 14
-1373090
222122200 (base 3) to base 4
10233213
What is 200222212 (base 4) in base 11?
91585
What is -16227 (base 11) in base 15?
-6bb8
What is -4c3cc (base 16) in base 3?
-120212100111
What is -2010202210 (base 4) in base 3?
-1000120200211
Convert 13212030002 (base 4) to base 3.
10202011201112
What is 33243144 (base 5) in base 8?
1067170
Convert -32103245 (base 6) to base 16.
-e5e4d
-18ca73a (base 13) to base 6
-450544023
-223301312313 (base 4) to base 3
-210121001200010
Convert -12186578 (base 9) to base 11.
-3402577
-69890 (base 12) to base 4
-202132230
What is 402401301 (base 5) in base 14?
2db627
Convert -468853 (base 9) to base 13.
-9b523
What is -302634 (base 9) in base 6?
-3501134
Convert 220100010112 (base 3) to base 5.
110312143
6a5c89 (base 13) to base 4
21220310132
Convert -122021210210122 (base 3) to base 2.
-100011000011001101001011
Convert -140030222 (base 5) to base 4.
-2230020212
Convert -a9a75 (base 12) to base 8.
-666271
-2a3a0 (base 16) to base 10
-172960
Convert 120213310131 (base 4) to base 11.
370944a
-2095c (base 13) to base 5
-3334340
-10320001021 (base 4) to base 16
-138049
What is -12112202010021 (base 3) in base 4?
-23033211223
Convert 80978 (base 10) to base 13.
2ab21
What is 12222222120 (base 3) in base 7?
1001163
Convert 11110011011110100100 (base 2) to base 14.
1bd628
-2514231 (base 7) to base 15
-65b86
-4b3de (base 16) to base 12
-12a426
-3565983 (base 10) to base 4
-31212212133
Convert -4621154 (base 9) to base 4.
-21200321113
Convert -2571107 (base 8) to base 3.
-1100110001202
Convert b06ba (base 14) to base 10.
423916
5720a2 (base 12) to base 4
11110003322
110001000111010110 (base 2) to base 14
53458
Convert -2543342 (base 7) to base 9.
-552775
Convert -40114140 (base 7) to base 6.
-155014233
What is 370574 (base 11) in base 6?
20322250
Convert 316343 (base 7) to base 10.
55058
7a02ba (base 12) to base 2
111011011111110101110
-1200222222 (base 4) to base 2
-1100000101010101010
102401554 (base 6) to base 4
12320202232
What is b8765b (base 16) in base 11?
6907650
Convert -110110011000011001 (base 2) to base 14.
-5b265
3647101 (base 9) to base 3
10201121010001
Convert 21112332203 (base 4) to base 7.
26565542
Convert -102120202111 (base 3) to base 10.
-228001
What is -632 (base 14) in base 13?
-72b
Convert -1e1b23 (base 16) to base 14.
-395067
Convert 302321002 (base 4) to base 6.
4245014
Convert -1140401133 (base 5) to base 9.
-5017054
Convert -41c003 (base 13) to base 3.
-2220020121202
-2bb30a8 (base 13) to base 15
-137a846
Convert -3220a (base 15) to base 9.
-262201
What is -60754622 (base 8) in base 4?
-300331212102
What is -5b9849 (base 12) in base 5?
-340122032
1101000111001010110 (base 2) to base 6
13113050
What is 1208186 (base 10) in base 9?
2241278
Convert -3a84ab (base 12) to base 13.
-27ba14
Convert 9916c (base 15) to base 14.
c9339
Convert -b8c8d (base 14) to base 2.
-1101101001000011101
Convert 10443516 (base 8) to base 9.
4203526
What is 1240ed (base 15) in base 9?
1572337
Convert 1031101303 (base 4) to base 3.
121002012101
What is c52634 (base 13) in base 2?
10001100011111101111100
-511031 (base 6) to base 2
-1001110111011011
15783 (base 9) to base 8
25140
Convert -20122200001 (base 3) to base 10.
-130978
Convert c89ad2 (base 16) to base 2.
110010001001101011010010
What is 10013502 (base 6) in base 11?
182a10
-2720878 (base 10) to base 11
-1599266
Convert 203333200 (base 4) to base 12.
71394
-4025514 (base 6) to base 14
-4d5c2
-1075161 (base 8) to base 12
-121a15
What is 120145545 (base 6) in base 8?
10461651
What is 12135053 (base 6) in base 16?
5e3e9
-3a550 (base 12) to base 8
-234614
What is -5060a1 (base 11) in base